 k(z) = 2*z**3 - 46*z**2 + 37636*z - 904413. What is k(24)?
3
Let j(a) = -421*a**2 + 7081*a - 5547. Calculate j(16).
-27
Let t(h) = 2*h**3 - 247*h**2 - 369*h + 935. What is t(125)?
1685
Let j(k) = -389*k + 5846. Give j(16).
-378
Let b(l) = -l**2 - 92*l + 2180. Determine b(-111).
71
Let v(z) = -z**3 + 29*z**2 + 5036*z - 146040. Determine v(29).
4
Let q(j) = -5061*j - 80890. Give q(-16).
86
Let a(w) = -w**2 - 5905*w + 297444. Determine a(50).
-306
Let c(j) = j**2 - 2509*j - 196549. What is c(-76)?
-89
Let h(o) = 30*o**2 + 2624*o - 6850. Determine h(-90).
-10
Let v(p) = 4*p**3 + 669*p**2 + 178*p + 1896. Calculate v(-167).
59
Let g(i) = -3*i**3 + 46*i**2 - 105*i - 129. Calculate g(4).
-5
Let c(g) = 458*g**2 - 10554*g + 235. What is c(23)?
-225
Let r(t) = -2*t**3 - 74*t**2 - t + 167. What is r(-38)?
3093
Let a(q) = -2226*q + 122383. Calculate a(55).
-47
Let l(p) = -5603*p - 7262. What is l(-1)?
-1659
Let h(d) = d**3 - 319*d**2 + 491*d + 45332. Give h(317).
1
Let p(g) = -269*g - 369. Calculate p(2).
-907
Let w(f) = -f**3 - f**2 - 10*f + 48. What is w(0)?
48
Let l(p) = 4*p**3 - 60*p**2 - 1027*p - 3213. Determine l(-5).
-78
Let c(f) = f**3 + 101*f**2 - 470*f + 18402. Calculate c(-107).
-2
Let v(r) = -22*r**3 + 3*r**2 - 530*r + 529. Give v(1).
-20
Let s(f) = -171178*f + 684668. What is s(4)?
-44
Let a(z) = 94837*z**2 + 1327718*z + 3. Determine a(-14).
3
Let v(i) = -i**2 + 86*i + 15051. Give v(-87).
0
Let q(k) = -11*k**2 - 1223*k + 3691. What is q(3)?
-77
Let t(p) = p**2 - 138806*p - 19869706. Give t(-143).
1
Let s(r) = r**3 + 37*r**2 - 363*r - 36. Calculate s(0).
-36
Let p(t) = -3256*t + 185527. Calculate p(57).
-65
Let l(h) = -h**3 - 68*h**2 - 1012*h - 53109. Give l(-65).
-4
Let g(y) = 32*y**2 - 120*y - 498. Calculate g(5).
-298
Let i(w) = -w**3 - 41*w**2 - 194*w + 135. Determine i(-35).
-425
Let z(l) = 3*l**2 + 502*l + 4021. Calculate z(-159).
46
Let r(i) = 9225*i - 239875. Give r(26).
-25
Let k(y) = -1846*y + 103375. Give k(56).
-1
Let y(i) = 214*i + 6029. What is y(-25)?
679
Let x(n) = -12384*n**2 + 37176*n - 34. Give x(3).
38
Let a(g) = 3*g**2 + 146*g - 373. Give a(-51).
-16
Let w(h) = h**3 - 22*h**2 - 18*h + 1149. Give w(20).
-11
Let q(v) = -8*v**2 - 176*v + 12472. What is q(30)?
-8
Let o(v) = -569*v + 6573. Determine o(11).
314
Let u(i) = -3*i**3 + 32*i**2 - 129*i + 975. What is u(10)?
-115
Let b(m) = 2*m**2 - 158*m + 1061. Give b(68).
-435
Let k(z) = -7668*z**2 - 122685*z + 67. Give k(-16).
19
Let z(c) = c**3 + 301*c**2 + 291*c + 87476. Give z(-301).
-115
Let h(j) = -326*j + 2808. Determine h(9).
-126
Let y(w) = -3*w**3 + 185*w**2 - 1013*w - 47. Give y(6).
-113
Let f(q) = q**2 - 312*q + 23942. Determine f(144).
-250
Let y(j) = 243*j - 36653. Give y(153).
526
Let v(o) = -5426*o - 16264. Determine v(-3).
14
Let a(h) = 13*h**2 - 1620*h - 12803. Give a(-8).
989
Let w(i) = i**2 + 4322*i - 370087. Calculate w(84).
17
Let a(k) = 98*k**3 + 4*k**2 - 11*k - 13. Determine a(-1).
-96
Let c(o) = 679*o - 20675. Determine c(31).
374
Let l(v) = -2*v**3 + 31*v**2 - 252*v + 4275. What is l(16)?
-13
Let v(n) = 26*n**3 + 142*n**2 - 127*n - 16. Give v(1).
25
Let z(t) = -18184*t - 236402. Give z(-13).
-10
Let h(j) = -j**3 - 53*j**2 - 495*j - 19. Determine h(-12).
17
Let p(y) = y**3 - 152*y**2 + 5532*y - 871. Determine p(92).
233
Let f(y) = 3126*y + 18761. Calculate f(-6).
5
Let n(o) = 170*o + 7534. Calculate n(-53).
-1476
Let k(v) = 3*v**2 - 3525*v + 783934. Calculate k(298).
-104
Let r(n) = -18*n**3 + 9*n + 81. Give r(-4).
1197
Let m(w) = -1500*w - 302996. Give m(-202).
4
Let l(x) = 7120*x + 85290. Calculate l(-12).
-150
Let k(x) = -2*x**2 - 7*x + 7798. Determine k(-61).
783
Let m(x) = -3198*x - 335783. Give m(-105).
7
Let b(d) = -24071*d - 120352. Give b(-5).
3
Let f(j) = -110*j - 22811. Determine f(-211).
399
Let t(s) = -50*s + 14950. Give t(306).
-350
Let m(l) = 59*l**3 + 3132*l**2 + 268*l + 129. What is m(-53)?
-30
Let a(v) = -11620*v - 256044. Give a(-22).
-404
Let y(z) = 3*z**3 + 121*z**2 + 370*z + 40. Give y(-37).
40
Let c(o) = 543*o - 85223. Calculate c(157).
28
Let n(b) = -9180*b + 201955. Give n(22).
-5
Let z(i) = 2*i**2 - 2089*i - 238884. Give z(-104).
4
Let f(u) = -2724*u + 316031. Determine f(116).
47
Let m(o) = -o**3 + 15*o**2 + 156*o - 1412. Determine m(11).
788
Let c(u) = 65*u**2 + 22487*u - 1027. What is c(-346)?
11
Let b(w) = 2349*w + 220613. Determine b(-94).
-193
Let z(a) = -a**2 + 5*a + 61455. Calculate z(-241).
2169
Let z(f) = -2*f**2 + 473*f - 27396. Determine z(132).
192
Let h(o) = 3*o**3 - 41*o**2 - 116*o + 71. Give h(16).
7
Let h(f) = 12*f**2 + 1108*f - 1635. Determine h(-94).
245
Let g(w) = -35*w**2 - 154*w + 441. Determine g(-6).
105
Let q(o) = 9*o**3 + 63*o**2 + 78*o + 575. Give q(-7).
29
Let u(p) = -297*p**2 - 85*p + 258. What is u(3)?
-2670
Let v(d) = -405697*d - 4868356. Give v(-12).
8
Let u(x) = 3*x**2 + 912*x + 18602. Determine u(-22).
-10
Let s(b) = 6*b**3 + 526*b**2 - 180*b - 350. Calculate s(-88).
2
Let r(j) = -j**3 + 20*j**2 + 71*j + 84. What is r(16)?
2244
Let t(r) = -55*r**3 - 1980*r**2 + 20*r + 81. What is t(-36)?
-639
Let n(v) = v**3 - 610*v**2 + 1418*v - 122810. Determine n(608).
6
Let i(k) = -2*k**3 + 109*k**2 + 498*k + 429. Determine i(59).
-1518
Let p(g) = 15*g**2 + 8638*g + 343701. What is p(-43)?
2
Let x(f) = -f**2 + 879*f + 850234. What is x(-582)?
-68
Let i(h) = -3626*h - 95538. Determine i(-26).
-1262
Let p(t) = 581*t - 23822. Calculate p(41).
-1
Let c(v) = -2*v**2 - 1480*v - 181350. Give c(-155).
0
Let x(d) = d**3 + 12*d**2 - 2*d - 24. Determine x(0).
-24
Let h(m) = -633*m - 11572. Give h(-19).
455
Let b(l) = -8*l**2 - 189*l - 79. What is b(-24)?
-151
Let t(n) = 56925*n - 740035. Determine t(13).
-10
Let m(u) = 1017*u - 133050. What is m(129)?
-1857
Let s(r) = r**3 + 40*r**2 - 1569*r - 8708. Give s(-5).
12
Let c(v) = -13*v**2 - 298*v + 2282. Calculate c(-29).
-9
Let d(n) = -28*n - 3255. Give d(-119).
77
Let y(z) = -5*z**3 - 21*z**2 - 47*z + 165. What is y(5)?
-1220
Let z(x) = x**3 + 240*x**2 - 289*x - 11551. Determine z(-241).
17
Let k(t) = 97*t - 3867. Determine k(40).
13
Let a(w) = w**2 + 157*w + 2635. Give a(-66).
-3371
Let d(g) = -2*g**3 - g**2 - 6*g + 14. Calculate d(4).
-154
Let j(a) = -186*a**3 + 2*a**2 - 4*a + 8. Determine j(2).
-1480
Let a(h) = h**2 - 34770*h + 382371. Give a(11).
22
Let v(q) = -2161*q - 56187. Give v(-26).
-1
Let u(i) = 4*i**2 - 1369*i + 89637. What is u(254)?
-25
Let v(g) = -g**3 + 24*g**2 + 79*g + 8760. Determine v(34).
-114
Let s(b) = -b**3 + 97*b**2 + 319*b - 1910. Calculate s(100).
-10
Let b(f) = -10*f**3 - 235*f**2 + 91*f - 696. Calculate b(-24).
0
Let o(p) = 25*p**3 - 19*p**2 + 25*p + 85. Give o(4).
1481
Let y(k) = -k**3 + 44*k**2 + 149*k + 118. What is y(47)?
494
Let r(t) = -6*t**3 - 127*t**2 + 655*t + 14174. Give r(-21).
-22
Let x(p) = -93*p - 13311. What is x(-146)?
267
Let y(t) = 18118*t + 405. Give y(0).
405
Let v(b) = -5*b**2 - 1911*b - 94013. Determine v(-58).
5
Let g(z) = -25*z**2 + 3610*z - 1404. Give g(144).
36
Let x(t) = 13310*t + 3. What is x(0)?
3
Let k(h) = 2304*h - 122156. Determine k(53).
-44
Let h(j) = 7269*j + 385249. Calculate h(-53).
-8
Let k(l) = -8*l**2 - 187*l - 631. Calculate k(-4).
-11
Let j(z) = -282*z**2 - 1541*z + 102. Determine j(-6).
-804
Let h(d) = 7*d**2 + 2061*d + 52857. Calculate h(-266).
-77
Let c(q) = 382301*q + 26378761. Give c(-69).
-8
Let r(k) = -10*k**3 - 1881*k**2 + 3604*k - 1140. Give r(-190).
0
Let m(c) = 705240*c - 705244. Determine m(1).
-4
Let p(x) = x**2 - 237*x - 58587. Determine p(-151).
1
Let j(t) = -t**2 + 2047*t - 16318. What is j(8)?
-6
Let s(f) = -f**3 + 2*f**2 - 52*f + 991. Give s(0).
991
Let x(l) = -3*l**2 - 1066*l - 39473. Determine x(-42).
7
Let t(q) = -2*q**3 - 89*q**2 - 72*q + 13. Give t(-44).
1245
Let m(q) = 549*q + 19149. Calculate m(-35).
-66
Let p(z) = -z**3 - 6*z**2 - 30*z - 1. Give p(6).
-613
Let o(v) = 71*v**2 + 30*v - 65. What is o(2)?
279
Let r(o) = -22423*o - 313891. Give r(-14).
31
Let n(v) = -6505*v + 852156. Determine n(131).
1
Let h(q) = -3*q**2 - 426*q + 9749. Calculate h(23).
-1636
Let a(w) = -w**3 - 450*w**2 + 6964*w - 65. Calculate a(15).
-230
Let b(q) = 2*q**3 - 84*q**2 - 959*q - 82. What is b(-9)?
287
Let o(x) = 342*x**3 - 3*x**2 + 38*x - 37. Determine o(1).
340
Let v(g) = -2*g**3 + 122*g**2 - 468